 8*r + 16. Suppose 10 - 1 = 3*y. Suppose -2*h - y*g = 5 + 4, -4*g - 16 = r*h. Let a(k) = -k**3 - 3*k**2 - 2*k - 1. Give a(h).
5
Let r(h) = -h - 25. Let j be -6 + 268/(-22) + 2/11. Let n be r(j). Let i(p) = p**3 + 7*p**2 + p + 1. What is i(n)?
-6
Let q(r) = -5*r**2 + 75*r + 93. Let m(n) = -n**2 + 15*n + 19. Let d(w) = 11*m(w) - 2*q(w). Determine d(16).
7
Let c be (33/6 - 3)/((-2)/(-20)). Suppose -3*z - 2*z = c. Let b(o) = -o**2 - 2*o + 5. Give b(z).
-10
Let c = 47 - 35. Let u(a) = a**3 - 11*a**2 - 10*a - 14. What is u(c)?
10
Let j(v) = -3*v + 12. Suppose 5*g = -7*x + 2*x - 5, 0 = -3*x + 2*g + 12. Let c be j(x). Let i(o) = -o**2 + 4*o - 2. Calculate i(c).
-14
Let s(f) = 8*f**3 - f**2 - 2*f + 1. Let r(c) = 9*c**3 - c**2 - 8*c**3 + 0*c**3. Let t(x) = -2*r(x) + s(x). Give t(1).
6
Let l(b) = b + 8. Let t(v) = 3*v**2 - 7*v + 10. Let w be t(4). Suppose 0 = -4*d - 5*m - 0*m - 26, -w = 5*d + 5*m. Let n be d/2 - (-6 + 4). Determine l(n).
8
Let d(t) = -15*t**3 + t + 1. Let k(g) = -g**2 - 8*g + 8. Let s be k(-9). Determine d(s).
15
Let k(d) = -d**3 - 4*d**2 - d + 2. Suppose 2*y - y = 10. Let u = 13 - y. Suppose -8 = u*v + 1. Calculate k(v).
-4
Let h(t) = t**3 - t**2 - t + 1. Let p(d) = -5*d**3 + 8*d**2 + d - 1. Let i(r) = 4*h(r) + p(r). Let x(q) = -q**2 + 7*q - 3. Let b be x(6). Calculate i(b).
3
Suppose 12 = -8*i + 10*i. Let f = 16 + -14. Let l(o) = 1 - o**3 + 5 + 6*o**2 - 2 + f. Determine l(i).
6
Let k(i) = 3*i - 8. Let j = 333 - 333. Calculate k(j).
-8
Let s(g) = 10 + 15 - 29 + 9 - 3*g. Let p be (-9)/15 + (-56)/(-10). What is s(p)?
-10
Let g(v) = -5*v**2 + 26*v - 30. Let i(r) = -r**2 + 4*r - 2. Let d(x) = g(x) - 4*i(x). What is d(5)?
3
Let z(a) = 2*a**2 - 15*a - 17. Let c(v) = v**2 - 7*v - 8. Let u(o) = -9*c(o) + 4*z(o). What is u(3)?
4
Let i(w) = -17*w. Let a(m) = 17*m + 1. Let v be a(0). Determine i(v).
-17
Let l(p) = 15*p**2 + p + 1. Let w be 2/11 + 2/(44/(-26)). What is l(w)?
15
Let x = -398 + 401. Let d(f) = -f**3 + 3*f**2 + 4*f - 1. Calculate d(x).
11
Let c be ((-10)/(-40))/((-2)/(-16)). Let q(v) = v**3 - 6*v**2 + 6*v - 2. Give q(c).
-6
Let j(v) = 4*v**3 - 3*v**2 + v + 6. Let o(h) = 9*h**3 - 7*h**2 + 3*h + 13. Let c(a) = 7*j(a) - 3*o(a). Determine c(0).
3
Let b = -42 - -44. Let w(u) = -9*u - 1 - 2 - 4 + u**2 + u**3 + 4*u**b. Calculate w(-6).
11
Suppose -8*i + 5*i = -9. Let r(g) be the first derivative of -3 - 2*g**2 + 4*g**2 - 5*g + 2 + g. What is r(i)?
8
Let r(v) = -2423*v + 2424*v - 32 - 3*v**2 + 2*v**2. Determine r(0).
-32
Let b(x) = -15 + 14 - 8*x - 3*x. Determine b(-1).
10
Let u(i) be the first derivative of i**3 + 5*i**2 + 9*i - 1. Let b(l) = l**2 + 1. Suppose -5*z - 17 = 12*z. Let m(h) = z*u(h) + 2*b(h). Calculate m(-6).
17
Let i(k) = 2 - 1 + 3 - 5 + 11*k**2 + 3 + k. What is i(-1)?
12
Let t(b) = 5*b + 9. Let o(r) = 32*r + 56. Let l(p) = -6*o(p) + 39*t(p). Calculate l(-5).
0
Let r(g) = 6*g**2 + 14*g**2 + 11*g - 19*g**2 - 5. What is r(-11)?
-5
Let b(a) = 12*a - 4762 + a**2 - 4752 + 9524 - 3*a. Determine b(-8).
2
Let o(h) = -13 + 10 + 25*h - 12 - 7*h - 13*h. What is o(10)?
35
Let a(m) = m**2 + 29*m + 170. Let w be a(-21). Let j(n) = -3*n**2 - n - 1. Give j(w).
-15
Let u(r) be the second derivative of 1/20*r**5 + 32*r + 0 + 0*r**3 + 1/12*r**4 + 3*r**2. Give u(0).
6
Let a = -109 - -112. Let g(y) be the second derivative of -5*y + 1/3*y**a - 1/12*y**4 - 3/2*y**2 + 0. Calculate g(2).
-3
Suppose 4*i + 4 = 2*a, 0 = 2*a + 3*a + 5*i - 10. Let k(r) = -9*r**2 + 2*r + 2. Determine k(a).
-30
Suppose 4*l - g - 86 = 0, l + 4*l + g - 112 = 0. Let k = -22 + l. Let c(f) = k*f**3 - 9 - f**3 + 3*f**2 + 29 - 16 + 3*f. Calculate c(3).
13
Suppose -3*o - 14 = y, 3*o + 34 = -0*y + 4*y. Let n(a) = 22 - 55 + 23 + 14 + a. What is n(o)?
-2
Let p = 4 + -4. Let q(g) = -2*g. Let n be q(-1). Let w(l) = 0 - l**3 + 2 + l**n + 0. Give w(p).
2
Let n(c) be the first derivative of -2*c**2 + 3*c - 2. Let u = 17 + -14. Give n(u).
-9
Suppose 2*n - 19 = p - 4, -2*n - 4*p + 40 = 0. Suppose n - 25 = -3*d. Suppose -d*y - 30 = -10*y. Let x(m) = m**2 - 6*m + 7. What is x(y)?
7
Let n(p) = p**3 - 9*p**2 - 10*p + 7. Let v be n(10). Let o(h) = -h**3 + 8 + 6*h**2 - 3*h - 2*h**2 + 4*h**2 - 5*h. What is o(v)?
1
Let f = 655 - 649. Let w(p) = 2*p - 4. Calculate w(f).
8
Let s be (4/(-12)*-15 - 3)*-1. Let r(f) = -4*f + 2. What is r(s)?
10
Let b(t) be the first derivative of t**4/4 + 22*t**3/3 + 41*t**2/2 + 25*t + 234. Give b(-20).
5
Let m = 158 - 155. Let v(a) = -a**2 + 6*a - 9. Give v(m).
0
Let k(z) = 7*z**2 - 32*z + 5. Let v be k(4). Let j(d) = -d**3 - 10*d**2 + 12*d - 7. What is j(v)?
-18
Let m(a) = 2*a - 3. Let g(q) = q**2 - 7*q - 8. Suppose -4*h - 2*i = -26, -3*h = -h - 5*i - 31. Let n be g(h). Let z = 6 + n. What is m(z)?
9
Let z(l) = l**2 + 8*l + 4. Suppose -d + 5*m = 23, -3*m + 57 = -d - 2*d. Let q = -24 - d. Calculate z(q).
-8
Let o(l) = 42*l - 14 - 13*l + 3*l. Let v(i) = -11*i + 5. Let f(b) = 5*o(b) + 14*v(b). Determine f(-2).
-12
Let x be -3 - -2 - (-5 + 2). Suppose -4*v = -x*v. Let a(w) = w - 2 + 0 - w**2 - 1 + v. Calculate a(0).
-3
Let i(q) = -3*q**2 + 8*q + 7. Let b(p) = -9*p**2 + 24*p + 20. Let o(n) = 4*b(n) - 11*i(n). What is o(6)?
-57
Let w = 34 + -48. Let r = w + 16. Let f(j) = 2*j**3 - 5*j**r - 3*j**3 + 2 - 6*j - 3*j**2. Calculate f(-7).
-5
Suppose -7 = -j - 5*q, 5*q - 13 = 3*j + 3*q. Let b(h) = -h + 1. Determine b(j).
4
Let k(y) be the third derivative of -y**8/20160 - y**7/840 + y**6/90 - y**5/4 + 10*y**2. Let r(w) be the third derivative of k(w). Determine r(-6).
8
Let p(u) = u**2 - 4. Let y(v) = v**3 - 2*v**2 + 3*v - 8. Let b be y(2). Give p(b).
0
Let c(o) = -o**2 + o. Suppose 6*f - 6 = 12. Suppose -2 = f*s - 14. Calculate c(s).
-12
Let y be (-202)/(-240) + (96/20)/(-6). Let o(z) be the third derivative of 0 + y*z**4 - 1/60*z**5 + 1/2*z**3 + 0*z - 5*z**2. Calculate o(4).
-9
Let g(q) = -7*q**2 - 12*q - 3. Let h(m) = 2*m**2 + 5*m + 1. Let y(i) = -g(i) - 3*h(i). Let s(k) = -k**2 - 6*k - 2. Let c be s(-4). What is y(c)?
18
Let k(t) = -t**3 + t**2 + 2*t + 12. Let w be k(0). Let p = w + 2. Let c(l) = -3*l + l**2 - p - l + 16. What is c(3)?
-1
Let h = -115 - -124. Let v(y) = -2*y + 17. Give v(h).
-1
Let x(a) = 3*a + 13. Let g(z) = z**3 - 22*z**2 + 58*z - 19. Let h be g(19). What is x(h)?
13
Let g be ((-16)/(-44))/(2/11). Let l(r) = -3*r**3 + r**2 + r + 1. What is l(g)?
-17
Let s be 16 - 8 - (-3)/15*-5. Let z(w) = 5*w - 18. What is z(s)?
17
Let d = -3 - -7. Let w(s) = -11*s**2 - 2*s - 14. Let j(m) = -m - 2 + 0 - 7 - 7*m**2. Let b(r) = 8*j(r) - 5*w(r). What is b(d)?
-10
Let y(l) be the second derivative of 5*l**3/6 - 34*l**2 + l - 251. Calculate y(13).
-3
Let t(a) be the first derivative of 9 - 1/4*a**4 - 4*a - 5/3*a**3 - 1/2*a**2. Determine t(-5).
1
Let r(x) be the second derivative of x**4/12 + 5*x**3/6 + 3*x**2 + x. Let n = 59 - 22. Let u = n - 42. Calculate r(u).
6
Let s(l) = 3*l + 2. Let d be 1/(-3)*-3*-2. Let a be s(d). Let t(r) = -3*r - 6. Calculate t(a).
6
Let s(w) = -9 - w**3 + w - w**2 + 4*w - 2*w. Let b(d) = d**3 + 2*d**2 - 2*d + 9. Let o(c) = -6*b(c) - 7*s(c). Let q(p) = 5*p**3 + 1. Let k be q(1). Give o(k).
-9
Let p(l) = l**2 - 3*l + 7. Let j be p(6). Let o(k) = 6*k**2 + 78*k - 25*k - j*k - 22*k + k**3 + 4. What is o(-5)?
-1
Let b(c) be the third derivative of c**7/840 + c**6/180 + c**5/60 - c**4/12 + 41*c**3/6 + 37*c**2. Let o(s) be the first derivative of b(s). Calculate o(-3).
-17
Suppose 4*i + 3*p - 24 = 0, -3*i - p = -4 - 9. Suppose 0 = -h - i*w - 6, 3*h - 2*w - 44 = -18. Let v(x) = x**2 - 5*x - 5. What is v(h)?
1
Let w(s) = 46 - s**2 - 3*s - 27 - 8. Calculate w(-5).
1
Let j(m) be the third derivative of m**5/60 + 3*m**4/8 - 10*m**3/3 + 178*m**2. Determine j(-11).
2
Let t(q) = -q**3 + 7*q**2 - 8*q + 6. Suppose j - 6*j + 30 = 0. Let n be t(j). Let a(g) = -17*g**2 + 8*g - 3 - 22*g**2 + 40*g**2 - 2*g. What is a(n)?
-3
Let v be ((-45)/10 - -2)*-2. Let j(h) = -10*h - 21. Let x(g) = -7*g - 14. Let i(s) = v*j(s) - 7*x(s). Determine i(-5).
-2
Let y(k) = -4*k - 21. Let l be 5*6/45*72/(-6). What is y(l)?
11
Let b(t) be the third derivative of -3*t**2 + 0*t + 0*t**4 - 1/6*t**3 + 1/20*t**5 + 0. Determine b(1).
2
Let s(h) be the third derivative of -7*h**4/24 + 178*h**2. What is s(5)?
-35
Let j(h) = 5*h**3 + h**2 - 8*h + 7. Let z(d) = 4*d**3 + d**2 - 6*d + 6. Let m(l) = -5*j(l